- 24. Is x prime?
True
Let t(o) = -3*o**3 + 5*o**2 - 2*o + 3. Let l be t(-4). Let z(m) = 21*m - 8. Let b be z(-9). Let f = l + b. Is f prime?
False
Let m be (-3)/(25/(-13) - -2). Is (0 - m/12)*68 a composite number?
True
Let f be (-2 + 12)*2/4. Let h(b) = b**3 - 3*b**2 - 5*b - 4. Is h(f) a composite number?
True
Suppose 5*m - m = -4. Let x be -9*(1 - m)/(-6). Suppose x*f - 20 = -p, p - 2*f = 2*f + 27. Is p a prime number?
True
Let d(f) = -6*f**3 - f**2 - 4*f - 2. Is d(-3) a prime number?
True
Let v(b) be the third derivative of b**5/20 + b**4/8 + b**3/2 - b**2. Is v(3) a composite number?
True
Suppose -578 = -d + 219. Is d composite?
False
Let v(w) = 154*w - 3. Is v(15) composite?
True
Let o(c) = -4*c + 17. Let a(y) = y - 4. Let j(g) = 22*a(g) + 6*o(g). Let s be j(10). Is 1/(-2) + (-861)/s a prime number?
False
Suppose -3*h - 39 = -2*g, -4*g + 92 - 27 = -5*h. Suppose 0 = 3*x - 5*u + 1 - 4, -4*x + 39 = 5*u. Let j = x - h. Is j composite?
False
Is ((-2286)/(-36))/((-2)/(-12)) a prime number?
False
Suppose 5*s - 4*c = 711, 253 = -3*s + 3*c + 679. Suppose 5*b = 2*b + 15. Suppose 0*a = 4*t - 3*a - s, -4*a = b*t - 202. Is t composite?
True
Let k = -4 - -9. Let c = 29 + k. Is c composite?
True
Let y be (-4)/12 + (-20)/(-6). Suppose -3*v + 120 = y*g, g + 2*v + 26 = 69. Is g composite?
False
Is (-7)/7*(-72 + 1) prime?
True
Suppose m + 649 = 3*s - m, 3*m - 12 = 0. Is s prime?
False
Let k be (-4 - -5)/((-1)/(-2)). Let n(r) = -6*r - k - 1 + 2*r**2 + 4*r. Is n(6) a composite number?
True
Let p(m) = -26*m - 8. Let q be p(9). Let j = 407 + q. Suppose i - j = 46. Is i composite?
False
Let n(u) = 5*u**2 - 2*u - 3. Let w be n(5). Let r(i) = i**3 + 7*i**2 - 6*i + 1. Let q be r(-8). Let g = w - q. Is g prime?
True
Suppose -3*o = -0*o + 150. Let g = o - -99. Is g prime?
False
Suppose 5*d - 4437 - 398 = 0. Is d composite?
False
Let d(q) = 253*q + 17. Is d(5) a composite number?
True
Let i = 113 + -64. Let d be (-1*86)/(7 - 8). Let s = d - i. Is s a composite number?
False
Let z be -2 + (-2 - -1) + 2. Is 21 + (z*4)/2 a composite number?
False
Let y = 670 - 353. Is y composite?
False
Let f = 2336 - -483. Is f composite?
False
Let h(u) = 2*u**2 - 6*u - 6. Let b be h(-8). Suppose -6*r + r = -b. Suppose -4*a = -26 - r. Is a a prime number?
False
Suppose 124 + 88 = 4*p. Is p prime?
True
Let h be 4 + 1 + 12/(-3). Is ((-1)/2)/(h/(-114)) a composite number?
True
Suppose 6389 + 1718 = 11*p. Is p a prime number?
False
Suppose n + 70 = 6*n. Suppose -4*p - 13 = 15. Let u = p + n. Is u prime?
True
Suppose 3*y + 166 = 3*f - f, -2*f = 5*y - 150. Suppose 0 = -4*x + 3*k + f - 27, 0 = 5*x + 4*k - 43. Is x prime?
True
Let r(h) be the second derivative of -h**3/6 - 105*h**2 + 4*h. Let i be r(0). Is i/(-4) - (-1)/2 a prime number?
True
Let p be 2/(-4) + 42/(-12). Let z be (p/(-3))/((-6)/117). Let t = z + 39. Is t a prime number?
True
Suppose 229 + 1869 = 2*r. Is r prime?
True
Suppose -5*r + 631 = -424. Is r prime?
True
Let a = -4 - -4. Let s = a + 0. Suppose -2*v + 20 + 10 = s. Is v composite?
True
Suppose 4*g - 3*p - 15 = 0, -3*g = 2*g + 5*p - 10. Is -89*(-2 - 1)/g a prime number?
True
Is 4*1/4*1 + 912 composite?
True
Suppose -5*j - p + 0*p = -293, -j + 55 = -p. Suppose 7*f - j = 6*f. Is f prime?
False
Let u(y) be the third derivative of 0 - y**2 - 1/6*y**4 + 1/20*y**5 + 0*y + 5/6*y**3. Is u(4) a prime number?
True
Suppose -3*i + 215 = -424. Is i a prime number?
False
Suppose 0 = 5*k - 4*b + 2*b - 5, -5*k + 5*b + 5 = 0. Is k/(0 + (-2)/(-28)) prime?
False
Let p(c) = -c**3 - 2*c**2 + 2. Let i be p(-2). Suppose -i*d - 3*d + 515 = 0. Is d composite?
False
Let m(k) = 18*k - 6. Let a be m(7). Let x = a + -43. Is x a composite number?
True
Suppose 10 = 5*d - 0*d. Suppose -203 = -d*z + 3. Is z prime?
True
Suppose 4*c + 3*l = 0, 0*l + 2*l = -c. Suppose c*v - v = -114. Suppose 2*a + 0*a = v. Is a a composite number?
True
Suppose -12 = -2*q - 2*q. Suppose -q*i + 58 = -2*i. Is i a prime number?
False
Suppose -3*y - 236 + 797 = 0. Is y a composite number?
True
Let z(l) = l**3 + 7*l**2 + 4*l + 5. Let q = 1 - -4. Suppose -q*w + 0*w - 25 = 0. Is z(w) composite?
True
Suppose 5*v - 595 = 5*c - 50, -4*c = -3*v + 322. Let r(h) = -56*h**2 + h. Let y be r(-1). Let a = v + y. Is a a prime number?
False
Let y = 1 - -2. Let g be (2 - y)*5*-24. Is g/9 + 4/6 prime?
False
Let g be 1*5/(10/426). Suppose g = -4*s - 3*f + 662, f = -5*s + 564. Is s a prime number?
True
Let a be 1/(-3 - (-10)/3). Let g = a + -1. Suppose g*q + 0*q - 254 = 0. Is q a prime number?
True
Let c be ((-1)/(-1))/(10/60). Let d(r) = -2*r**3 + 2*r**2 - 7*r - 2. Let g be d(5). Is g/2*(-4)/c a composite number?
False
Let z(i) = i**3 + 76. Let c be z(0). Suppose 4*d + 4*v - 196 = 0, 2*v + c = 3*d - 56. Is d composite?
True
Let u be (-16)/(-6)*18/8. Suppose -p + u = p, -5*y = -2*p - 2074. Suppose -2*h - 3*h + y = q, 0 = -2*q + 2. Is h composite?
False
Suppose 4*t = h - 257, 2*h = -2*h - 2*t + 992. Is h prime?
False
Let k = 2 - 3. Is 20 - k/(1 - 0) a prime number?
False
Suppose 2*f + 3*g = 102, 0*g - 2*g - 8 = 0. Let q(o) = 32*o**3 - o - 1. Let i be q(-1). Let z = f + i. Is z composite?
True
Suppose 1 + 4 = 5*d. Let q(z) = 135*z. Let u be q(d). Suppose 2*x - 155 = u. Is x composite?
True
Suppose -5*s + 87 = 3*h - 672, 3*s = 2*h - 525. Suppose 3*p - 99 - h = -5*i, -3*i = 0. Is p a prime number?
False
Is -97*(1 + 6/(-3)) composite?
False
Let h(i) be the second derivative of i**4/12 - 5*i**3/6 - 9*i**2/2 + 4*i. Let j be h(-7). Suppose -d = 2*d - j. Is d composite?
True
Let u(y) = -y**3 + 307. Suppose -2*a = 3*a. Is u(a) a composite number?
False
Let z(o) = o**2 + 10*o + 9. Let s be z(-9). Suppose s = -2*k + 44 + 354. Is k prime?
True
Let y(a) be the third derivative of -41*a**4/24 + a**3/3 + a**2. Let p(i) = -14*i + 1. Let j(n) = -11*p(n) + 4*y(n). Is j(-4) a composite number?
False
Suppose 5*k = -t + 7, -t + 9 = -2*t + 3*k. Is t/(-15) + (-1428)/(-10) a composite number?
True
Let g be 2/4 - (-1)/(-2). Suppose -16 = -4*l - 4*w, 20 = -g*l + 5*l - 3*w. Suppose -232 - 276 = -l*d. Is d prime?
True
Let v(z) = -z**3 + 7*z**2 + 8*z. Let p be v(8). Suppose p*f = -b + 4*f + 577, -1731 = -3*b + 4*f. Is b a composite number?
False
Suppose 2*v - 4*i - 346 = -0*v, 2*v + 2*i = 334. Let h = v - 75. Let f = h + -59. Is f a prime number?
False
Let d(t) = -28*t + 10*t + 2 - 1. Is d(-2) a prime number?
True
Suppose -q = 4*q - 6685. Is q a prime number?
False
Let f = 2735 - 1676. Is 3/(9/f) + 2 composite?
True
Suppose -3 = -2*i + 3. Suppose a = i + 18. Is a a composite number?
True
Suppose 105 = 4*f - 4*d - 219, -4*d = 2*f - 186. Is f a prime number?
False
Suppose -4 + 10 = 3*n, -22 = 2*p - 4*n. Let d = p - -13. Let z = 15 + d. Is z composite?
True
Let k be (194/(-8))/(4/(-16)). Let q = 189 - k. Let z = 159 - q. Is z prime?
True
Let a(g) be the third derivative of g**4/24 + 221*g**3/6 - 2*g**2. Is a(0) a composite number?
True
Suppose 3*q = -4*p + 19, -4*p = 3*q + p - 17. Suppose -1 = -a + 3, d = 4*a - q. Is d a composite number?
False
Let a(d) = 99*d**3 + d**2 + 1. Is a(2) prime?
True
Suppose 3*r + 4*g = 5*g + 63, -r = 3*g - 31. Is 6/4*r/3 a composite number?
False
Suppose 0*v - 8 = -4*v. Suppose 0*y + v*y - 42 = 0. Is y a composite number?
True
Is (12/10)/(54/180) a composite number?
True
Suppose w = 3*z + 100, -2*w + 0*z + 2*z + 196 = 0. Is w a composite number?
False
Let a(z) = z**3 + 15*z**2 + 13*z - 12. Let k be a(-12). Let n be (10/(-8))/(2/(-8)). Suppose 2*m = -2*m - 4*c + k, n*m - c = 324. Is m a prime number?
False
Suppose a - 4*a = -1095. Is a a prime number?
False
Suppose 3*y + 2*a = -21, -y + 2*a - 18 = -a. Let n = -5 - y. Is 282/8 + (-1)/n a prime number?
False
Let o(a) = 2*a**2 - 9*a + 5. Is o(13) a prime number?
False
Let q = -5 - -16. Suppose -4*l = -0*l - 4*i + 4, -i + q = 4*l. Is (-455)/(-20) - l/(-8) a composite number?
False
Suppose 0 = s - 0*s - 209. Is s prime?
False
Suppose 0 = -2*h - h + 12. Is h/(-14) - (-1413)/21 composite?
False
Let x(u) be the second derivative of 317*u**4/6 + u**2/2 + 2*u. Let a be x(1). Suppose 0 = 2*i + 3*i - a. Is i prime?
True
Suppose -4*o + 12 = 0, -3*v - o = -17 - 88. Is v a prime number?
False
Let a(q) = 3*q**3 - 3*q**2. Let l be a(-5). Let h = l + 953. Is h composite?
False
Let l(j) = j + 2*j**2 + 2*j - j**2 + 5. I